se
Is 10079959 composite?
False
Is 34628249 a composite number?
True
Is 62922109 a composite number?
False
Is 584849 prime?
True
Is 501299291 prime?
True
Is 1138273 prime?
True
Is 7573978 a prime number?
False
Is 1783537 composite?
True
Is 630519 a composite number?
True
Is 33905137 prime?
False
Is 33020089 composite?
False
Is 294471985 prime?
False
Is 71328229 a prime number?
False
Is 128735977 a composite number?
False
Is 68399651 prime?
True
Is 7971167 a prime number?
False
Is 8906123 a composite number?
False
Is 1060127 a composite number?
True
Is 5240191 composite?
True
Is 33906941 a composite number?
False
Is 15064921 a prime number?
False
Is 58148963 a prime number?
False
Is 65058193 composite?
False
Is 906377 composite?
False
Is 255114497 prime?
False
Is 845465 prime?
False
Is 8060027 prime?
True
Is 8102257 prime?
True
Is 1394167 composite?
False
Is 1969889 composite?
False
Is 62168593 prime?
True
Is 11033219 composite?
True
Is 17658863 a composite number?
False
Is 2077 composite?
True
Is 15320393 a prime number?
False
Is 67106569 prime?
False
Is 5842261 composite?
False
Is 14311847 prime?
False
Is 24267091 a prime number?
False
Is 2972027 a composite number?
False
Is 27836815 a prime number?
False
Is 915851 prime?
True
Is 2976612247 composite?
True
Is 138184733 a composite number?
True
Is 6386417 prime?
True
Is 21437173 a composite number?
True
Is 598203167 composite?
False
Is 6962183 composite?
False
Is 616829 a prime number?
True
Is 18961559 a prime number?
True
Is 53381473 a prime number?
False
Is 6936167 prime?
False
Is 3004759 a composite number?
False
Is 168639127 a composite number?
False
Is 9455561 prime?
False
Is 4622421 a composite number?
True
Is 224142799 a prime number?
False
Is 6801299 prime?
True
Is 232063 a prime number?
False
Is 145463378 prime?
False
Is 8661089 prime?
True
Is 592843 composite?
False
Is 37259023 prime?
True
Is 14026631 a composite number?
False
Is 20028899 composite?
True
Is 19014091 prime?
False
Is 30886123 prime?
False
Is 365066661 a composite number?
True
Is 3409613 composite?
True
Is 3760243 composite?
False
Is 691312337 composite?
True
Is 1009339 composite?
True
Is 1301761 a composite number?
False
Is 29264519 a prime number?
True
Is 2309227 prime?
True
Is 147811309 prime?
False
Is 1322471 a composite number?
False
Is 66544627 prime?
False
Is 720721607 composite?
False
Is 414108871 a prime number?
False
Is 163617 a prime number?
False
Is 225595 a composite number?
True
Is 3158119 composite?
False
Is 6789701 prime?
True
Is 6988177 a prime number?
False
Is 5985871 a composite number?
False
Is 836711 composite?
True
Is 3982157 a composite number?
False
Is 5786129 a prime number?
True
Is 355339703 composite?
True
Is 7023517 composite?
False
Is 292019239 a prime number?
False
Is 32091533 a prime number?
True
Is 154146547 prime?
True
Is 20998163 composite?
False
Is 20046263 a composite number?
False
Is 170070617 prime?
True
Is 476507737 a prime number?
False
Is 61412947 composite?
False
Is 11289433 a composite number?
True
Is 3166045 prime?
False
Is 1811633 prime?
False
Is 1944641 composite?
True
Is 47991067 a composite number?
True
Is 37554497 a prime number?
True
Is 8632951 composite?
True
Is 62471173 a composite number?
True
Is 88685503 a composite number?
False
Is 8421415 prime?
False
Is 730165091 prime?
False
Is 3881987 a composite number?
False
Is 50253287 prime?
False
Is 376039 a prime number?
True
Is 13939051 composite?
True
Is 44075501 a composite number?
True
Is 3853363 a prime number?
False
Is 2197907 a prime number?
True
Is 91276301 prime?
True
Is 63948941 a prime number?
False
Is 989711 a composite number?
True
Is 160965193 composite?
False
Is 45476993 a prime number?
True
Is 7310266 composite?
True
Is 253833661 prime?
False
Is 16788503 a prime number?
False
Is 431611 composite?
False
Is 12238906 a prime number?
False
Is 39785281 prime?
False
Is 4981861 a composite number?
False
Is 63199 a composite number?
False
Is 66392815 a composite number?
True
Is 55487 composite?
False
Is 498587777 composite?
False
Is 362419331 a prime number?
False
Is 11010677 prime?
True
Is 1557763 a composite number?
False
Is 516047 a prime number?
False
Is 2177113 a prime number?
True
Is 422029 a composite number?
False
Is 2192089 composite?
False
Is 70218641 a prime number?
True
Is 1695653 a composite number?
False
Is 800977 prime?
True
Is 3073507 a composite number?
True
Is 196972691 prime?
True
Is 1947331 a prime number?
False
Is 13846997 prime?
True
Is 30605011 a composite number?
True
Is 1653814 a composite number?
True
Is 119977427 composite?
False
Is 1860019 a prime number?
False
Is 107238073 composite?
False
Is 54059367 composite?
True
Is 38593657 a prime number?
False
Is 6084619 a prime number?
True
Is 245852689 a prime number?
True
Is 5300671 a prime number?
True
Is 16102571 a composite number?
False
Is 26052763 a prime number?
False
Is 14590039 a prime number?
True
Is 100971979 a prime number?
False
Is 656059 a composite number?
True
Is 14671403 a prime number?
True
Is 39013621 a prime number?
True
Is 108031031 composite?
False
Is 18538523 prime?
True
Is 16670579 a prime number?
True
Is 1106851 a composite number?
False
Is 3969809 a composite number?
False
Is 45469609 a prime number?
True
Is 136345565 composite?
True
Is 4802361 a prime number?
False
Is 27144341 a prime number?
False
Is 10982761 a composite number?
True
Is 115151 prime?
True
Is 7279973 prime?
False
Is 45670997 a prime number?
True
Is 2848283 a composite number?
False
Is 1960033 composite?
False
Is 106520543 prime?
True
Is 16263937 a prime number?
True
Is 2667167 composite?
False
Is 161348963 composite?
False
Is 5329091 prime?
False
Is 483215 composite?
True
Is 24457619 a composite number?
False
Is 352779383 a prime number?
False
Is 50534069 a prime number?
False
Is 2871047 a composite number?
True
Is 605849 composite?
False
Is 2726617 prime?
True
Is 129399005 composite?
True
Is 11356981 a prime number?
True
Is 13073603 a prime number?
True
Is 180051941 a composite number?
True
Is 15538649 composite?
True
Is 56804921 prime?
True
Is 2754935827 composite?
True
Is 73895051 composite?
False
Is 38317789 a prime number?
True
Is 48990023 prime?
False
Is 11167643 prime?
False
Is 569659 a composite number?
False
Is 18752731 a prime number?
True
Is 2090159 prime?
True
Is 227113321 a composite number?
True
Is 267877 composite?
False
Is 699343 a composite number?
False
Is 8470955 composite?
True
Is 260567 composite?
True
Is 96529993 prime?
False
Is 189367157 composite?
True
Is 930609093 a prime number?
False
Is 44508215 a prime number?
False
Is 6599263 a composite number?
True
Is 1526893 a prime number?
False
Is 809623 a composite number?
True
Is 7108901 composite?
True
Is 4849747 prime?
False
Is 18523883 composite?
True
Is 4232309 a prime number?
True
Is 51837917 a composite number?
False
Is 188114471 composite?
False
Is 1900037 prime?
True
Is 24503431 prime?
True
Is 29895881 a prime number?
True
Is 4679999 composite?
False
Is 45593039 a composite number?
False
Is 172687 a composite number?
False
Is 33316817 a prime number?
True
Is 2579651 a prime number?
True
Is 929483 a prime number?
True
Is 37217 prime?
True
Is 29202143 prime?
False
Is 1339788209 composite?
False
Is 30820777 a prime number?
False
Is 68388473 a prime number?
True
Is 251793497 a composite number?
False
Is 33301973 prime?
False
Is 9680521 a prime number?
True
Is 88290619 composite?
True
Is 1775921 a composite number?
True
Is 28517417 a composite number?
True
Is 7907117 a composite number?
False
Is 641747 composite?
False
Is 10133831 composite?
False
Is 8433379 a prime number?
False
Is 33466709 a composite number?
False
Is 641148106 a prime number?
False
Is 13506091 a prime number?
True
Is 3384371 prime?
False
Is 2314759 prime?
True
Is 1145283 composite?
True
Is 46425719 prime?
True
Is 95700961 prime?
True
Is 66671929 a prime number?
True
Is 82654301 a composite number?
False
Is 36483959 a composite number?
True
Is 32353 prime?
True
Is 4596569 a composite number?
False
Is 156184507 prime?
True
Is 791473 a composite number?
False
Is 30169523 a composite number?
False
Is 1980455 a prime number?
False
Is 751169 a prime number?
False
Is 125151937 composite?
False
Is 45601133 compos